6. Determine v(-23).
12
Let p(s) = -s + 6. Give p(11).
-5
Let p(a) = -a**3 + 11*a**2 - 10*a - 10. Calculate p(10).
-10
Let r(w) = -4*w**2 - 7*w + 12. Give r(-4).
-24
Let w(u) = -u**2 + 3*u + 16. Give w(0).
16
Let y(t) = t**2 - 4*t - 4. What is y(7)?
17
Let a(n) = -n + 2. What is a(14)?
-12
Let j(x) = x**2 - 8*x + 9. Calculate j(6).
-3
Let h(g) = -g**3 - 5*g**2 + 14*g - 2. Give h(-7).
-2
Let b(q) = -q**2 - 13*q - 7. Determine b(-6).
35
Let o(i) = -4*i + 79. Calculate o(6).
55
Let x(k) = -4*k - 16. Calculate x(-7).
12
Let i(m) = m**3 + 13*m**2 + 10*m - 24. Calculate i(-12).
0
Let v(h) = -h**2 - 12*h - 9. Give v(-11).
2
Let n(x) = 6*x**3 - x**2 + x. Calculate n(1).
6
Let w(a) = 23*a + 212. Calculate w(-10).
-18
Let n(t) = 2*t**2 + 8*t + 8. What is n(-4)?
8
Let a(m) = m + 55. Determine a(-60).
-5
Let x(s) = s**2 - 23*s + 40. What is x(21)?
-2
Let n(y) = -2*y + 2. Determine n(-1).
4
Let b(h) = -12*h + 67. Calculate b(6).
-5
Let w(z) = -z**2 - 4*z + 16. What is w(-7)?
-5
Let q(g) = 9*g + 2. What is q(4)?
38
Let s(q) = 2*q**2 - 31*q - 19. Give s(16).
-3
Let w(r) = -2*r**3 + 24*r**2 - r + 10. Determine w(12).
-2
Let d(i) = i**3 - 44*i**2 + 121*i + 93. What is d(41)?
11
Let b(l) = 39*l - 43. Give b(1).
-4
Let l(q) = -49*q**3 + 2*q**2 + q. Give l(-1).
50
Let n(t) = t**3 + 4*t**2 + 2*t + 31. Calculate n(-5).
-4
Let s(c) = -3*c + 14. Give s(2).
8
Let i(w) = w**2 + 33*w - 141. Give i(-37).
7
Let c(d) = -d**2 - 9*d - 3. Calculate c(-4).
17
Let q(a) = -a**3 - 5*a**2 - 3*a - 1. Give q(-3).
-10
Let b(w) = 12*w + 120. Give b(-8).
24
Let g(o) = 219*o - 659. What is g(3)?
-2
Let t(f) = 11*f - 9. Determine t(3).
24
Let s(f) = f**2 - 6*f - 38. What is s(-7)?
53
Let z(t) = t - 1. What is z(-3)?
-4
Let k(j) = -6*j**3 - 2*j**2. Determine k(1).
-8
Let o(v) = 48*v + 78. What is o(-2)?
-18
Let g(w) = -w**3 + 12*w**2 - 24*w - 4. Give g(9).
23
Let y(x) = -x**2 - 19*x + 1. Determine y(-19).
1
Let h(x) = x**3 + 5*x**2 - 3*x - 7. Give h(-5).
8
Let a(u) = -2*u - 19. Determine a(-17).
15
Let a(r) = 5*r - 13. Determine a(0).
-13
Let k(w) = w**2 + 5*w - 1. Calculate k(-9).
35
Let r(f) = -f**3 - f**2 + f - 4. Calculate r(0).
-4
Let u(q) = q**2 - 2*q + 7. Give u(-8).
87
Let o(y) = y**2 + 9*y + 29. Determine o(-7).
15
Let r(j) = -81*j + 10. Calculate r(1).
-71
Let x(r) = r**3 - 24*r**2 - 20*r - 131. Give x(25).
-6
Let o(x) = x**3 - 4*x**2 + 8*x - 6. What is o(2)?
2
Let a(m) = 5*m + 40. Give a(-7).
5
Let t(x) = -x**3 + 6*x**2 - 4*x + 7. Determine t(6).
-17
Let i(n) = -n**2 + 4*n - 9. What is i(4)?
-9
Let l(i) = -3*i + 15. Calculate l(-2).
21
Let z(s) = -s**3 + 31*s**2 + s - 37. What is z(31)?
-6
Let o(a) = 4*a**2 + 61*a + 14. Calculate o(-15).
-1
Let g(c) = c**3 - 9*c**2 + c - 3. Determine g(9).
6
Let m(n) = 4*n**3 + 3*n**2 + 3*n + 2. Calculate m(-2).
-24
Let w(l) = -l**2 + 7*l - 10. Determine w(5).
0
Let a(l) = l**3 + 4*l**2 - 15*l - 3. Determine a(-6).
15
Let g(d) = 2*d**3 - 3*d**2 + 3*d - 3. What is g(2)?
7
Let o(k) = -9*k + 165. What is o(23)?
-42
Let w(d) = -11*d - 16. Give w(-5).
39
Let r(b) = -22*b + 30. Calculate r(2).
-14
Let p(x) = 4*x + 6. Determine p(-5).
-14
Let x(y) = 47*y - 2. Calculate x(-1).
-49
Let a(y) = 26*y**2 + 1. What is a(1)?
27
Let q(y) = -y**3 - 5*y**2 - 8. Give q(-6).
28
Let h(r) = -5*r**3 + 3*r**2 - 5*r + 1. What is h(2)?
-37
Let s(k) = -k**2 + 15*k - 13. Calculate s(13).
13
Let j(p) = p**2 + 10*p - 21. Give j(-12).
3
Let y(m) = -2*m**2 - 56*m - 43. Give y(-27).
11
Let a(t) = t**3 - 5*t**2 - 19*t + 14. Calculate a(7).
-21
Let f(y) = y**3 + 8*y**2 + y - 11. What is f(-8)?
-19
Let o(q) = 3*q - 24. Calculate o(12).
12
Let h(f) = 9*f - 14. Determine h(4).
22
Let c(y) = y**2 + 12*y + 35. Determine c(-6).
-1
Let v(d) = 2*d**2 - d + 3. Determine v(-3).
24
Let a(y) = y**2 + 14*y - 30. Determine a(-16).
2
Let q(v) = -v**3 - 7*v**2 - 13*v - 2. Calculate q(-5).
13
Let n(r) = -31*r + 2. Give n(1).
-29
Let g(a) = 2*a + 7. Calculate g(5).
17
Let y(k) = -k**3 - 16*k**2 - 17*k - 31. Give y(-15).
-1
Let t(b) = b + 5. Calculate t(-8).
-3
Let a(b) = b**2 + 27*b + 76. Calculate a(-24).
4
Let b(o) = -o**3 - 6*o**2 + 20. Calculate b(-3).
-7
Let z(o) = 2*o**2 + 12*o + 15. What is z(-7)?
29
Let v(i) = 2*i**2 + 8*i + 3. Give v(-5).
13
Let n(v) = -6*v**3 + 2*v**2 + 3*v - 2. What is n(2)?
-36
Let j(o) = 5*o + 11. Calculate j(-8).
-29
Let g(p) = 2*p**2 + 12*p - 5. Give g(-6).
-5
Let q(f) = f - 5. What is q(-11)?
-16
Let r(v) = 14*v - 155. Determine r(13).
27
Let i(w) = w**3 - 3*w + 4. Determine i(2).
6
Let s(g) = -g**2 - 5*g - 10. Determine s(-4).
-6
Let u(n) = 4*n**3 - 2*n**2 - n. Calculate u(-2).
-38
Let m(z) = 17*z + 86. What is m(-5)?
1
Let u(k) = -k**2 + 21*k - 77. Calculate u(16).
3
Let y(r) = -r - 2. What is y(-9)?
7
Let f(n) = -5*n + 40. Give f(10).
-10
Let p(q) = q**2 - 16*q - 39. Determine p(18).
-3
Let u(n) = n**3 + n**2 - n + 1. Calculate u(1).
2
Let i(c) = -2*c**2 + 9*c - 2. Calculate i(6).
-20
Let c(g) = -g**2 + 46*g - 8. Give c(0).
-8
Let d(i) = -i**2 - 4*i + 9. Calculate d(3).
-12
Let q(k) = -k**2 - 36*k - 242. What is q(-9)?
1
Let o(a) = 8*a - 2. Calculate o(-2).
-18
Let d(j) = -j**3 + 19*j**2 - 19. What is d(19)?
-19
Let r(g) = -3*g - 12. Determine r(-6).
6
Let k(a) = -13*a - 1. Calculate k(11).
-144
Let l(a) = -3*a**2 + 2*a - 9. Determine l(6).
-105
Let p(r) = -20*r + 96. Calculate p(5).
-4
Let b(p) = p**3 + 3*p**2 - 3*p + 2. What is b(-4)?
-2
Let x(h) = 2*h**3 - 23*h**2 + 11*h + 26. Determine x(11).
26
Let n(b) = -2*b**2 - 18*b - 56. What is n(-3)?
-20
Let r(f) = 2*f**2 + 9*f - 4. Calculate r(-5).
1
Let c(y) = -y**3 + 4*y**2 + 2*y - 7. Give c(5).
-22
Let x(h) = h**3 + 11*h**2 - 82*h - 39. What is x(-16)?
-7
Let q(z) = 9*z - 7. What is q(-7)?
-70
Let a(k) = k**3 + 11*k**2 - 2*k - 22. Give a(-11).
0
Let r(u) = -u**3 + u**2 + 3*u + 4. Calculate r(3).
-5
Let k(u) = 2*u**3 - 5*u**2 - 2*u - 8. Calculate k(4).
32
Let y(j) = -40*j + 275. What is y(7)?
-5
Let j(x) = 2*x - 48. Give j(30).
12
Let n(l) = 4*l - 1. Determine n(6).
23
Let w(o) = o**2 + 2*o - 21. Determine w(0).
-21
Let t(s) = 4*s**3 + s**2 - 2*s - 1. Calculate t(-2).
-25
Let g(c) = 6*c**2 - 3*c + 2. Give g(2).
20
Let j(i) = -i**3 + 3*i**2 + 11*i - 3. What is j(5)?
2
Let v(w) = -13*w + 101. Determine v(9).
-16
Let r(u) = 27*u**2 + 3*u - 1. What is r(1)?
29
Let l(u) = -u**3 - 10*u**2 - 11*u - 10. Determine l(-9).
8
Let d(y) = y**2 + 11*y - 43. Give d(-14).
-1
Let x(n) = n**3 - 2*n**2 - 16*n + 14. Give x(5).
9
Let i(c) = c**3 - 34*c**2 + 2. Calculate i(34).
2
Let c(v) = -v**2 - 9*v + 71. Give c(-16).
-41
Let r(k) = 21*k - 309. Give r(15).
6
Let y(u) = -u**3 + 7*u**2 - 6*u + 1. Determine y(6).
1
Let d(z) = 64*z**3 - 2*z**2 - z + 1. Determine d(-1).
-64
Let r(l) = -l**3 + 21*l**2 + 21*l + 19. Calculate r(22).
-3
Let s(l) = 3*l**2 - 43*l - 5. Calculate s(15).
25
Let c(s) = s**3 + 19*s**2 - 2*s - 33. Determine c(-19).
5
Let z(r) = -2*r**2 + 2*r + 3. What is z(3)?
-9
Let p(q) = q**3 + 20*q**2 - q - 26. What is p(-20)?
-6
Let t(j) = -42*j**2 - 2*j. Give t(1).
-44
Let m(x) = -2*x**2 - 2*x + 51. Give m(-6).
-9
Let v(l) = -l**2 + 32*l + 148. Calculate v(-4).
4
Let y(h) = 3*h + 8. What is y(-8)?
-16
Let n(j) = -j**2 + 17*j + 4. Calculate n(17).
4
Let o(m) = -m**2 + 9*m - 1. Calculate o(9).
-1
Let w(h) = h**3 + 4*h**2 + 5*h. What is w(-2)?
-2
Let j(b) = b**3 - 6*b**2 + b + 4. Give j(5).
-16
Let j(i) = -4*i**2 + 28*i + 6. Determine j(6).
30
Let c(s) = -4*s - 4. Give c(6).
-28
Let l(o) = o**2 - 10*o - 9. Calculate l(11).
2
Let y(g) = -g**3 + 4*g**2 + 9*g + 1. Calculate y(-2).
7
Let k(q) = -q**3 - 20*q**2 + 21*q - 32. What is k(-21)?
-32
Let d(u) = -22*u + 12. Calculate d(2).
-32
Let t(b) = 100*b - 8. Calculate t(0).
-8
Let r(x) = 43*x + 727. Determine r(-17).
-4
Let u(i) = 8*i + 1. Give u(-2).
-15
Let r(a) = -a**3 + 9*a**2 - 7*a + 7. What is r(8)?
15
Let i(z) = -16*z**2 + 10*z + 9. What is i(-1)?
-17
Let j(h) = -4*h + 4. Calculate j(-9).
40
Let f(m) = -4*m - 19. Give f(-10).
21
Let i(q) = -2*q**2 + 14*q - 29. Determine i(4).
-5
Let w(g) = 5*g + 22. Calculate w(-5).
-3
Let g(i) = -5*i + 6. What is g(8)?
-34
Let b(r) = 2*r + 12. What is b(-7)?
-2
Let s(l) = -l**3 - l**2 - 18*l + 17. What is s(1)?
-3
Let m(h) = 16*h + 103. Calculate m(-7).
-9
Let x(j) = 5*j**2 - 3. Calculate x(-3).
42
Let c(r) = -3*r**3 + 2*r**2 + 3*r - 10. W